True
Is 23089 a prime number?
False
Is 211 prime?
True
Is 127759 composite?
True
Is 828101 composite?
False
Is 644101 composite?
False
Is 195527 a prime number?
True
Is 66299 prime?
False
Is 937973 prime?
False
Is 60943 a prime number?
True
Is 7481 a prime number?
True
Is 907 prime?
True
Is 582739 composite?
True
Is 53569 a prime number?
True
Is 7669 prime?
True
Is 60178 a prime number?
False
Is 252481 a prime number?
True
Is 2195 a prime number?
False
Is 324391 a composite number?
False
Is 665929 composite?
True
Is 14921 a composite number?
True
Is 1841 a composite number?
True
Is 75903 a composite number?
True
Is 122831 a prime number?
False
Is 28459 a composite number?
True
Is 242123 a composite number?
True
Is 34061 prime?
True
Is 12889 composite?
False
Is 117973 a composite number?
False
Is 7403 a composite number?
True
Is 12817 prime?
False
Is 60394 a prime number?
False
Is 78079 a prime number?
True
Is 57371 prime?
False
Is 1903409 a composite number?
False
Is 139 prime?
True
Is 73939 composite?
False
Is 135773 composite?
True
Is 33431 a prime number?
False
Is 5534 composite?
True
Is 53579 a composite number?
True
Is 324791 composite?
False
Is 135241 prime?
True
Is 13397 composite?
False
Is 2459 prime?
True
Is 18373 prime?
False
Is 186985 prime?
False
Is 5127 composite?
True
Is 44047 a composite number?
True
Is 1371 a composite number?
True
Is 262853 a prime number?
True
Is 11099 composite?
True
Is 472105 a composite number?
True
Is 1234139 a prime number?
False
Is 47221 a composite number?
False
Is 6007 composite?
False
Is 113 a prime number?
True
Is 127817 composite?
False
Is 38326 a composite number?
True
Is 1801207 a prime number?
True
Is 4637 prime?
True
Is 852521 prime?
True
Is 2321 composite?
True
Is 15391 composite?
False
Is 2161 a prime number?
True
Is 3793 a prime number?
True
Is 6349 a composite number?
True
Is 43294 prime?
False
Is 80309 prime?
True
Is 1363415 composite?
True
Is 60487 prime?
False
Is 301931 composite?
True
Is 4735 a composite number?
True
Is 673 composite?
False
Is 809287 a prime number?
False
Is 17279 composite?
True
Is 58159 composite?
True
Is 19847 a prime number?
False
Is 2453 composite?
True
Is 703 a prime number?
False
Is 86782 a prime number?
False
Is 341797 composite?
True
Is 22597 composite?
True
Is 176789 composite?
False
Is 57829 a composite number?
False
Is 97117 a composite number?
False
Is 15711 composite?
True
Is 16871 composite?
False
Is 289637 composite?
False
Is 255839 a composite number?
False
Is 94623 a prime number?
False
Is 18013 a composite number?
False
Is 49607 a composite number?
True
Is 87887 a prime number?
True
Is 12659 prime?
True
Is 21239 a composite number?
True
Is 9329 a prime number?
False
Is 43541 a composite number?
False
Is 6889 a prime number?
False
Is 231397 prime?
False
Is 149119 a prime number?
True
Is 101978 composite?
True
Is 212239 a composite number?
False
Is 17861 prime?
False
Is 94363 prime?
False
Is 163753 a composite number?
False
Is 150533 prime?
True
Is 38039 prime?
True
Is 28181 a prime number?
True
Is 29909 a prime number?
False
Is 251 prime?
True
Is 1801 a composite number?
False
Is 34363 prime?
False
Is 461069 prime?
False
Is 1234 composite?
True
Is 14939 a prime number?
True
Is 2411 a prime number?
True
Is 633001 a composite number?
False
Is 11399 prime?
True
Is 4768735 composite?
True
Is 8327 a prime number?
False
Is 1259 a prime number?
True
Is 2833 prime?
True
Is 28807 prime?
True
Is 16447 a prime number?
True
Is 8719 prime?
True
Is 1788269 prime?
False
Is 2333 a prime number?
True
Is 631 a composite number?
False
Is 175511 composite?
True
Is 438319 composite?
True
Is 629 prime?
False
Is 31013 composite?
False
Is 1277 a composite number?
False
Is 96893 a composite number?
False
Is 384141 a composite number?
True
Is 1951 composite?
False
Is 713 composite?
True
Is 498463 a composite number?
True
Is 12283 a prime number?
False
Is 67573 prime?
False
Is 20597 composite?
True
Is 4889 composite?
False
Is 24689 composite?
True
Is 370223 a prime number?
False
Is 559597 a prime number?
True
Is 8923 a composite number?
False
Is 84893 prime?
False
Is 14903 composite?
True
Is 43437 a composite number?
True
Is 65887 a composite number?
True
Is 296041 a composite number?
False
Is 36833 prime?
True
Is 8051 a prime number?
False
Is 3199 prime?
False
Is 122587 composite?
True
Is 8851 prime?
False
Is 11149 a composite number?
False
Is 8441 prime?
False
Is 803567 a prime number?
False
Is 5293 composite?
True
Is 49351 prime?
False
Is 302 composite?
True
Is 2379191 prime?
True
Is 68371 a prime number?
True
Is 40607 prime?
False
Is 2449 composite?
True
Is 25003 a composite number?
True
Is 11953 composite?
False
Is 7411 composite?
False
Is 291779 composite?
False
Is 28459 composite?
True
Is 6343 a prime number?
True
Is 5623 prime?
True
Is 75171 a prime number?
False
Is 1107899 a prime number?
False
Is 1949 a prime number?
True
Is 200807 a composite number?
False
Is 235603 a prime number?
False
Is 30631 a composite number?
False
Is 527557 a composite number?
False
Is 5305 composite?
True
Is 31241 a composite number?
True
Is 1807759 a composite number?
False
Is 257053 a prime number?
True
Is 32999 prime?
True
Is 8467 a composite number?
False
Is 6197 composite?
False
Is 901281 composite?
True
Is 65613 prime?
False
Is 450613 composite?
True
Is 19259 a prime number?
True
Is 315895 a prime number?
False
Is 1237253 a composite number?
False
Is 1641 a composite number?
True
Is 2063 a prime number?
True
Is 42589 a composite number?
False
Is 185 a composite number?
True
Is 4343 a prime number?
False
Is 230431 a composite number?
False
Is 483317 prime?
True
Is 1117 a composite number?
False
Is 15427 prime?
True
Is 3307831 composite?
False
Is 2515 a composite number?
True
Is 39067 a prime number?
False
Is 64909 a prime number?
False
Is 3554 composite?
True
Is 15259 prime?
True
Is 354017 composite?
False
Is 292133 composite?
False
Is 4319 a prime number?
False
Is 4105 prime?
False
Is 140599 a composite number?
True
Is 17539 composite?
False
Is 35 a prime number?
False
Is 98251 a composite number?
False
Is 17401 a prime number?
True
Is 4379 composite?
True
Is 170333 prime?
False
Is 254857 a prime number?
True
Is 22163 prime?
False
Is 9781 a prime number?
True
Is 54127 prime?
False
Is 2789 a prime number?
True
Is 6559 a composite number?
True
Is 771 composite?
True
Is 22801 composite?
True
Is 122714 prime?
False
Is 121843 composite?
False
Is 960035 a composite number?
True
Is 139157 a prime number?
False
Is 887 a prime number?
True
Is 83729 prime?
False
Is 195781 prime?
True
Is 78423 a composite number?
True
Is 1644457 composite?
True
Is 2941 a prime number?
False
Is 977 a composite number?
False
Is 8251 prime?
False
Is 129581 a prime number?
True
Is 209 a composite number?
True
Is 716918 prime?
False
Is 246599 prime?
True
Is 94021 prime?
False
Is 250169 prime?
True
Is 26965 a prime number?
False
Is 115033 prime?
False
Is 6469 prime?
True
Is 362581 prime?
True
Is 308053 a prime number?
False
Is 2321 a prime number?
False
Is 73339 a prime number?
False
Is 1219 prime?
False
Is 496777 a prime number?
False
Is 78609 prime?
False
Is 91151 composite?
False
Is 2320421 prime?
True
Is 113279 a composite number?
False
Is 3343 prime?
True
Is 56177 composite?
True
Is 13837 prime?
False
Is 43391 composite?
False
Is 178847 a prime number?
False
Is 12014 prime?
False
Is 3943 prime?
True
Is 270637 a prime number?
False
Is 12797 a composite number?
True
Is 28961 prime?
True
Is 9197 a prime number?
False
Is 3407 composite?
False
Is 215533 composite?
True
Is 47473 prime?
False
Is 2407277 a composite number?
False
Is 437923 prime?
True
Is 3943 a composite number?
False
Is 3883 a prime number?
False
Is 177757 composite?
True
Is 2455 prime?
False
Is 980381 composite?
True
Is 435709 prime?
True
Is 367171 composite?
True
Is 81145 composite?
True
Is 4271 composite?
False
Is 943403 a prime number?
True
Is 1943 a composite number?
True
Is 11087 prime?
True
Is 846563 a composite number?
False
Is 88721 prime?
True
Is 1745689 prime?
False
Is 170155 a prime number?
False
Is 3097 a composite number?
True
Is 158489 a prime number?
True
Is 2777 composite?
False
Is 527699 prime?
True
Is 60331 a prime number?
True
Is 